{"id":1460,"date":"2026-04-06T15:30:17","date_gmt":"2026-04-06T18:30:17","guid":{"rendered":"https:\/\/cosmeticbeautypack.com\/?page_id=1460"},"modified":"2026-04-13T15:42:17","modified_gmt":"2026-04-13T18:42:17","slug":"nad-peeling-de-peptideos-gold-dermic-cosmobeauty","status":"publish","type":"page","link":"https:\/\/cosmeticbeautypack.com\/index.php\/nad-peeling-de-peptideos-gold-dermic-cosmobeauty\/","title":{"rendered":"NAD+ Peeling de Pept\u00eddeos Gold Dermic &#8211; Cosmobeauty"},"content":{"rendered":"\n<p>Inci name em portugu\u00eas<\/p>\n\n\n\n<p><strong>Ingredientes:<\/strong> \u00c1gua, Glicerol, Cetearete-20, Acetato de Tocoferila, \u00c1lcool Cetear\u00edlico, Olivato de Cetearila, Perfume, Olivato de Sorbitano, Etilhexilglicerina, Goma Xantana, \u00c1lcool Benz\u00edlico, Butil Hidroxi Tolueno, Fenoxietanol, \u00d3leo De Espinheiro Mar\u00edtimo, Nadida, Hidroxiapatita, Edetato Diss\u00f3dico,&nbsp; Pentileno Glicol,&nbsp; Retinal, Polissorbato 20, \u00c1cido 3-Aminopropano Sulfonico,&nbsp; Racealfa &#8211; Hidroxigamametiltiobutanoato de C\u00e1lcio,&nbsp; Hidroxipropil Ciclodextrina, Extrato de Wakame,&nbsp; \u00d3leo de Soja, Oleato de S\u00f3dio, Hydroxyethylcellulose, Aminometilpropanol, Lecitina Hidrogenada, Palmitoil Tripeptideo-38, Sh-Polipept\u00eddio-5, SH-Oligopeptideo-1, Sh-Polipept\u00eddeo-1, Limoneno.<\/p>\n","protected":false},"excerpt":{"rendered":"<p>Inci name em portugu\u00eas Ingredientes: \u00c1gua, Glicerol, Cetearete-20, Acetato de Tocoferila, \u00c1lcool Cetear\u00edlico, Olivato de Cetearila, Perfume, Olivato de Sorbitano, Etilhexilglicerina, Goma Xantana, \u00c1lcool Benz\u00edlico, Butil Hidroxi Tolueno, Fenoxietanol, \u00d3leo De Espinheiro Mar\u00edtimo, Nadida, Hidroxiapatita, Edetato Diss\u00f3dico,&nbsp; Pentileno Glicol,&nbsp; Retinal, Polissorbato 20, \u00c1cido 3-Aminopropano Sulfonico,&nbsp; Racealfa &#8211; Hidroxigamametiltiobutanoato de C\u00e1lcio,&nbsp; Hidroxipropil Ciclodextrina, Extrato de Wakame,&nbsp; [&hellip;]<\/p>\n","protected":false},"author":13,"featured_media":0,"parent":0,"menu_order":0,"comment_status":"closed","ping_status":"closed","template":"","meta":{"footnotes":""},"_links":{"self":[{"href":"https:\/\/cosmeticbeautypack.com\/index.php\/wp-json\/wp\/v2\/pages\/1460"}],"collection":[{"href":"https:\/\/cosmeticbeautypack.com\/index.php\/wp-json\/wp\/v2\/pages"}],"about":[{"href":"https:\/\/cosmeticbeautypack.com\/index.php\/wp-json\/wp\/v2\/types\/page"}],"author":[{"embeddable":true,"href":"https:\/\/cosmeticbeautypack.com\/index.php\/wp-json\/wp\/v2\/users\/13"}],"replies":[{"embeddable":true,"href":"https:\/\/cosmeticbeautypack.com\/index.php\/wp-json\/wp\/v2\/comments?post=1460"}],"version-history":[{"count":2,"href":"https:\/\/cosmeticbeautypack.com\/index.php\/wp-json\/wp\/v2\/pages\/1460\/revisions"}],"predecessor-version":[{"id":1471,"href":"https:\/\/cosmeticbeautypack.com\/index.php\/wp-json\/wp\/v2\/pages\/1460\/revisions\/1471"}],"wp:attachment":[{"href":"https:\/\/cosmeticbeautypack.com\/index.php\/wp-json\/wp\/v2\/media?parent=1460"}],"curies":[{"name":"wp","href":"https:\/\/api.w.org\/{rel}","templated":true}]}}