{"id":1455,"date":"2026-04-06T11:27:23","date_gmt":"2026-04-06T14:27:23","guid":{"rendered":"https:\/\/cosmeticbeautypack.com\/?page_id=1455"},"modified":"2026-04-13T16:37:34","modified_gmt":"2026-04-13T19:37:34","slug":"body-redux-remodelift-mascara-lifting-corporal-180g-cosmobeauty","status":"publish","type":"page","link":"https:\/\/cosmeticbeautypack.com\/index.php\/body-redux-remodelift-mascara-lifting-corporal-180g-cosmobeauty\/","title":{"rendered":"Body Redux &#8211; Remodelift &#8211; M\u00e1scara Lifting Corporal &#8211; 180g &#8211; Cosmobeauty"},"content":{"rendered":"\n<p>Inci name em portugu\u00eas<\/p>\n\n\n\n<p><strong>Ingredientes:<\/strong> Albumina, \u00c1lcool, P\u00f3 da Semente de Damasqueiro, Perfume, \u00c1gua, Levocarnitina, Etilhexilglicerina, \u00c1lcool Benz\u00edlico, Propilenoglicol, Fenoxietanol, Extrato da folha de Ch\u00e1 da \u00cdndia, Glicerol, Fosfatidilcolina, Cafe\u00edna, PEG-75, Polisorbato 80, Tocoferol, Carragenina S\u00f3dica, Extrato da Alga Jania Rubens, Limoneno, Linalol, Salicilato de Benzila, Butilfenil Metilpropional, Hexil Cinamal, Hidroxiisoexil 3 Cicloexene Carboxaldeido. Alpha-Isomethil Ionona, Citronelol, Hidroxicitronelal, Citral.<\/p>\n","protected":false},"excerpt":{"rendered":"<p>Inci name em portugu\u00eas Ingredientes: Albumina, \u00c1lcool, P\u00f3 da Semente de Damasqueiro, Perfume, \u00c1gua, Levocarnitina, Etilhexilglicerina, \u00c1lcool Benz\u00edlico, Propilenoglicol, Fenoxietanol, Extrato da folha de Ch\u00e1 da \u00cdndia, Glicerol, Fosfatidilcolina, Cafe\u00edna, PEG-75, Polisorbato 80, Tocoferol, Carragenina S\u00f3dica, Extrato da Alga Jania Rubens, Limoneno, Linalol, Salicilato de Benzila, Butilfenil Metilpropional, Hexil Cinamal, Hidroxiisoexil 3 Cicloexene Carboxaldeido. Alpha-Isomethil [&hellip;]<\/p>\n","protected":false},"author":13,"featured_media":0,"parent":0,"menu_order":0,"comment_status":"closed","ping_status":"closed","template":"","meta":{"footnotes":""},"_links":{"self":[{"href":"https:\/\/cosmeticbeautypack.com\/index.php\/wp-json\/wp\/v2\/pages\/1455"}],"collection":[{"href":"https:\/\/cosmeticbeautypack.com\/index.php\/wp-json\/wp\/v2\/pages"}],"about":[{"href":"https:\/\/cosmeticbeautypack.com\/index.php\/wp-json\/wp\/v2\/types\/page"}],"author":[{"embeddable":true,"href":"https:\/\/cosmeticbeautypack.com\/index.php\/wp-json\/wp\/v2\/users\/13"}],"replies":[{"embeddable":true,"href":"https:\/\/cosmeticbeautypack.com\/index.php\/wp-json\/wp\/v2\/comments?post=1455"}],"version-history":[{"count":4,"href":"https:\/\/cosmeticbeautypack.com\/index.php\/wp-json\/wp\/v2\/pages\/1455\/revisions"}],"predecessor-version":[{"id":1489,"href":"https:\/\/cosmeticbeautypack.com\/index.php\/wp-json\/wp\/v2\/pages\/1455\/revisions\/1489"}],"wp:attachment":[{"href":"https:\/\/cosmeticbeautypack.com\/index.php\/wp-json\/wp\/v2\/media?parent=1455"}],"curies":[{"name":"wp","href":"https:\/\/api.w.org\/{rel}","templated":true}]}}