{"id":1443,"date":"2026-04-02T10:56:09","date_gmt":"2026-04-02T13:56:09","guid":{"rendered":"https:\/\/cosmeticbeautypack.com\/?page_id=1443"},"modified":"2026-04-13T16:12:48","modified_gmt":"2026-04-13T19:12:48","slug":"ghk-cu-easy-clean-mascara-samana","status":"publish","type":"page","link":"https:\/\/cosmeticbeautypack.com\/index.php\/ghk-cu-easy-clean-mascara-samana\/","title":{"rendered":"GHK Cu Easy Clean M\u00e1scara &#8211; Samana"},"content":{"rendered":"\n<p>Inci name em portugu\u00eas<\/p>\n\n\n\n<p><strong>Ingredientes<\/strong>: \u00c1gua, Pantenol, Fosfato de Amido Hidroxiprop\u00edlico, Olivato de Cetearila, Glicerete-26, Olivato de Sorbitano, Acetato de Tocoferila, Propilenoglicol, Etilhexilglicerina, Perfume, \u00c1lcool Benz\u00edlico, Extrato de Cal\u00eandula,&nbsp; Fenoxietanol, Edetato Diss\u00f3dico, Aminometilpropanol, Glicerol, \u00d3leo de Soja, Oleato de S\u00f3dio, Lecitina Hidrogenada, Cobre Tripept\u00eddeo-1, Sh-Polipept\u00eddio-5, Hexil Cinamal, Linalol, Butilfenil Metilpropional, Geraniol, Limoneno, Salicilato de Benzila, Hidroxicitronelal.<\/p>\n","protected":false},"excerpt":{"rendered":"<p>Inci name em portugu\u00eas Ingredientes: \u00c1gua, Pantenol, Fosfato de Amido Hidroxiprop\u00edlico, Olivato de Cetearila, Glicerete-26, Olivato de Sorbitano, Acetato de Tocoferila, Propilenoglicol, Etilhexilglicerina, Perfume, \u00c1lcool Benz\u00edlico, Extrato de Cal\u00eandula,&nbsp; Fenoxietanol, Edetato Diss\u00f3dico, Aminometilpropanol, Glicerol, \u00d3leo de Soja, Oleato de S\u00f3dio, Lecitina Hidrogenada, Cobre Tripept\u00eddeo-1, Sh-Polipept\u00eddio-5, Hexil Cinamal, Linalol, Butilfenil Metilpropional, Geraniol, Limoneno, Salicilato de Benzila, [&hellip;]<\/p>\n","protected":false},"author":13,"featured_media":0,"parent":0,"menu_order":0,"comment_status":"closed","ping_status":"closed","template":"","meta":{"footnotes":""},"_links":{"self":[{"href":"https:\/\/cosmeticbeautypack.com\/index.php\/wp-json\/wp\/v2\/pages\/1443"}],"collection":[{"href":"https:\/\/cosmeticbeautypack.com\/index.php\/wp-json\/wp\/v2\/pages"}],"about":[{"href":"https:\/\/cosmeticbeautypack.com\/index.php\/wp-json\/wp\/v2\/types\/page"}],"author":[{"embeddable":true,"href":"https:\/\/cosmeticbeautypack.com\/index.php\/wp-json\/wp\/v2\/users\/13"}],"replies":[{"embeddable":true,"href":"https:\/\/cosmeticbeautypack.com\/index.php\/wp-json\/wp\/v2\/comments?post=1443"}],"version-history":[{"count":2,"href":"https:\/\/cosmeticbeautypack.com\/index.php\/wp-json\/wp\/v2\/pages\/1443\/revisions"}],"predecessor-version":[{"id":1482,"href":"https:\/\/cosmeticbeautypack.com\/index.php\/wp-json\/wp\/v2\/pages\/1443\/revisions\/1482"}],"wp:attachment":[{"href":"https:\/\/cosmeticbeautypack.com\/index.php\/wp-json\/wp\/v2\/media?parent=1443"}],"curies":[{"name":"wp","href":"https:\/\/api.w.org\/{rel}","templated":true}]}}