{"id":1436,"date":"2026-04-01T10:30:01","date_gmt":"2026-04-01T13:30:01","guid":{"rendered":"https:\/\/cosmeticbeautypack.com\/?page_id=1436"},"modified":"2026-04-13T15:56:16","modified_gmt":"2026-04-13T18:56:16","slug":"blur-ghk-cu","status":"publish","type":"page","link":"https:\/\/cosmeticbeautypack.com\/index.php\/blur-ghk-cu\/","title":{"rendered":"BLUR GHK-Cu"},"content":{"rendered":"\n<p>Inci name em portugu\u00eas<\/p>\n\n\n\n<p><strong>Ingredientes:<\/strong> \u00c1gua, Di\u00f3xido de Tit\u00e2nio, Metileno Bis-Benzotriazolil Tetrametilbutilfenol, Octinoxato, Bis-Etilhexiloxifenol Metoxifenil Triazina, Octocrileno, Octissalato, Benzoato de Dietilamno Hidroxibenzoil Hexila, Etilexil Triazona, Monoestearato de Glicerila, Decil Glucos\u00eddio, Propilenoglicol, N\u00e1ilon-12, Benzoato de Alquila C12-15, Copol\u00edmero de Vinil Pirrolidona\/Eicosano, Decametilciclopentasiloxano, Extrato de Physalis Angulata, Cetil Fosfato de Pot\u00e1ssio, Isododecano, C24-28&nbsp;Alquil Dimeticona, Perfume, Triglic\u00e9rideos&nbsp;do \u00c1cido&nbsp;C\u00e1prico\/Capr\u00edlico, Glicerol, Etilhexilglicerina, Copol\u00edmero de Esterino\/Acrilatos, \u00c1lcool Benz\u00edlico, Fenoxietanol, Laurete-23, Goma Xantana, Edetato Diss\u00f3dico , Nadida, \u00c1cido Desoxirribonucleico S\u00f3dico, \u00c1cido Hialur\u00f4nico, Hidroxipropil Ciclodextrina, Tocoferol,&nbsp; \u00d3leo de Soja, Oleato de S\u00f3dio, Lecitina Hidrogenada, Cobre Tripept\u00eddeo-1, Palmitoil Tripeptideo-38, Hexil Cinamal, Limoneno, Geraniol, Linalol, Citronelol, Butilfenil Metilpropional, Hidroxiisoexil 3 Cicloexene Carboxaldeido. Alpha-Isomethil Ionona. Pode conter (<sup>+<\/sup>): Corante Vermelho 77491, Corante Amarelo 77492, Corante Preto 77499.<\/p>\n","protected":false},"excerpt":{"rendered":"<p>Inci name em portugu\u00eas Ingredientes: \u00c1gua, Di\u00f3xido de Tit\u00e2nio, Metileno Bis-Benzotriazolil Tetrametilbutilfenol, Octinoxato, Bis-Etilhexiloxifenol Metoxifenil Triazina, Octocrileno, Octissalato, Benzoato de Dietilamno Hidroxibenzoil Hexila, Etilexil Triazona, Monoestearato de Glicerila, Decil Glucos\u00eddio, Propilenoglicol, N\u00e1ilon-12, Benzoato de Alquila C12-15, Copol\u00edmero de Vinil Pirrolidona\/Eicosano, Decametilciclopentasiloxano, Extrato de Physalis Angulata, Cetil Fosfato de Pot\u00e1ssio, Isododecano, C24-28&nbsp;Alquil Dimeticona, Perfume, Triglic\u00e9rideos&nbsp;do \u00c1cido&nbsp;C\u00e1prico\/Capr\u00edlico, [&hellip;]<\/p>\n","protected":false},"author":13,"featured_media":0,"parent":0,"menu_order":0,"comment_status":"closed","ping_status":"closed","template":"","meta":{"footnotes":""},"_links":{"self":[{"href":"https:\/\/cosmeticbeautypack.com\/index.php\/wp-json\/wp\/v2\/pages\/1436"}],"collection":[{"href":"https:\/\/cosmeticbeautypack.com\/index.php\/wp-json\/wp\/v2\/pages"}],"about":[{"href":"https:\/\/cosmeticbeautypack.com\/index.php\/wp-json\/wp\/v2\/types\/page"}],"author":[{"embeddable":true,"href":"https:\/\/cosmeticbeautypack.com\/index.php\/wp-json\/wp\/v2\/users\/13"}],"replies":[{"embeddable":true,"href":"https:\/\/cosmeticbeautypack.com\/index.php\/wp-json\/wp\/v2\/comments?post=1436"}],"version-history":[{"count":2,"href":"https:\/\/cosmeticbeautypack.com\/index.php\/wp-json\/wp\/v2\/pages\/1436\/revisions"}],"predecessor-version":[{"id":1476,"href":"https:\/\/cosmeticbeautypack.com\/index.php\/wp-json\/wp\/v2\/pages\/1436\/revisions\/1476"}],"wp:attachment":[{"href":"https:\/\/cosmeticbeautypack.com\/index.php\/wp-json\/wp\/v2\/media?parent=1436"}],"curies":[{"name":"wp","href":"https:\/\/api.w.org\/{rel}","templated":true}]}}